{"id":12063,"date":"2025-09-22T10:26:58","date_gmt":"2025-09-22T10:26:58","guid":{"rendered":"https:\/\/www.camping-biper-gorri.com\/hebergement\/mobil-home-3-habitaciones-eden-ophea-935\/"},"modified":"2026-05-01T03:00:35","modified_gmt":"2026-05-01T03:00:35","slug":"mobil-home-3-chambres-eden-ophea-935","status":"publish","type":"hebergement","link":"https:\/\/www.camping-biper-gorri.com\/es\/alojamientos\/mobil-home-3-chambres-eden-ophea-935\/","title":{"rendered":"Mobil-Home 3 habitaciones EVASION Oph\u00e9a 935"},"content":{"rendered":"\n<div class=\"wp-block-group intro is-layout-flow wp-block-group-is-layout-flow\">\n<div class=\"wp-block-group description-wrapper is-layout-flow wp-block-group-is-layout-flow\">\n<div class=\"wp-block-group intro is-layout-flow wp-block-group-is-layout-flow\">\n<p>\u00bfQuieres traer a mucha gente al <strong>Pa\u00eds Vasco<\/strong>? Este alquiler de Mobil home puede alojar hasta 7 personas. Este <strong>alojamiento<\/strong> dispone de 3 habitaciones, un sal\u00f3n contiguo a la cocina totalmente equipada, un cuarto de ba\u00f1o con ducha, WC separado y una terraza.  <\/p>\n\n\n\n<div class=\"wp-block-buttons is-content-justification-center is-layout-flex wp-container-core-buttons-is-layout-a89b3969 wp-block-buttons-is-layout-flex\">\n<div class=\"wp-block-button is-style-outline is-style-outline--1\"><a class=\"wp-block-button__link has-custom-vert-fonce-color has-text-color has-link-color has-olive-citrus-font-family has-large-font-size has-custom-font-size wp-element-button\" href=\"https:\/\/www.camping-biper-gorri.com\/wp-content\/uploads\/2025\/10\/ophea-935t.pdf\" style=\"border-style:none;border-width:0px;border-radius:0px;font-style:normal;font-weight:700\" target=\"_blank\" rel=\"noreferrer noopener nofollow\">Descripci\u00f3n + inventario  <img decoding=\"async\" width=\"50\" height=\"26\" class=\"wp-image-129\" style=\"width: 50px\" src=\"https:\/\/www.camping-biper-gorri.com\/wp-content\/uploads\/2025\/08\/fleche-01.svg\" alt=\"flecha 01\" \/><\/a><\/div>\n<\/div>\n\n\n\n<p class=\"has-custom-vert-fonce-color has-text-color has-link-color has-large-font-size wp-elements-a733a51338c5c867cff35760bf6fb8dd\"><strong>Descripci\u00f3n<\/strong><\/p>\n<\/div>\n\n\n\n<div class=\"wp-block-group intro is-layout-flow wp-block-group-is-layout-flow\">\n<div class=\"wp-block-columns is-layout-flex wp-container-core-columns-is-layout-28f84493 wp-block-columns-is-layout-flex\">\n<div class=\"wp-block-column is-layout-flow wp-block-column-is-layout-flow\" style=\"flex-basis:50%\">\n<div class=\"wp-block-columns are-vertically-aligned-center has-custom-vert-transparent-background-color has-background is-content-justification-center is-nowrap is-layout-flex wp-container-core-columns-is-layout-19093fa5 wp-block-columns-is-layout-flex\" style=\"min-height:220px;padding-top:var(--wp--preset--spacing--10);padding-right:var(--wp--preset--spacing--10);padding-bottom:var(--wp--preset--spacing--10);padding-left:var(--wp--preset--spacing--10)\">\n<div class=\"wp-block-column is-vertically-aligned-center is-layout-flow wp-block-column-is-layout-flow\" style=\"flex-basis:15%\">\n<figure class=\"wp-block-image aligncenter size-full is-resized wp-duotone-unset-2\"><img decoding=\"async\" width=\"200\" height=\"146\" src=\"https:\/\/www.camping-biper-gorri.com\/wp-content\/uploads\/2025\/09\/icon-lit.svg\" alt=\"cama\" class=\"wp-image-75871\" style=\"width:70px\" \/><\/figure>\n<\/div>\n\n\n\n<div class=\"wp-block-column is-vertically-aligned-center is-layout-flow wp-block-column-is-layout-flow\" style=\"flex-basis:85%\">\n<ul class=\"wp-block-list\">\n<li>2 habitaciones con 2 camas individuales (80\u00d7190)<\/li>\n\n\n\n<li>1 habitaci\u00f3n doble (140 x 190)<\/li>\n\n\n\n<li>Edredones y almohadas<\/li>\n<\/ul>\n<\/div>\n<\/div>\n\n\n\n<div class=\"wp-block-columns are-vertically-aligned-center has-custom-vert-transparent-background-color has-background is-content-justification-center is-nowrap is-layout-flex wp-container-core-columns-is-layout-19093fa5 wp-block-columns-is-layout-flex\" style=\"min-height:220px;padding-top:var(--wp--preset--spacing--10);padding-right:var(--wp--preset--spacing--10);padding-bottom:var(--wp--preset--spacing--10);padding-left:var(--wp--preset--spacing--10)\">\n<div class=\"wp-block-column is-vertically-aligned-center is-layout-flow wp-block-column-is-layout-flow\" style=\"flex-basis:15%\">\n<figure class=\"wp-block-image aligncenter size-full is-resized wp-duotone-unset-3\"><img decoding=\"async\" width=\"200\" height=\"200\" src=\"https:\/\/www.camping-biper-gorri.com\/wp-content\/uploads\/2025\/09\/icon-douche.svg\" alt=\"ducha\" class=\"wp-image-75880\" style=\"width:70px\" \/><\/figure>\n<\/div>\n\n\n\n<div class=\"wp-block-column is-vertically-aligned-center is-layout-flow wp-block-column-is-layout-flow\" style=\"flex-basis:85%\">\n<ul class=\"wp-block-list\">\n<li>1 Cuarto de ba\u00f1o con ducha, 1 lavabo, 1 espejo y secador de pelo<\/li>\n\n\n\n<li>WC separado<\/li>\n<\/ul>\n<\/div>\n<\/div>\n<\/div>\n\n\n\n<div class=\"wp-block-column is-layout-flow wp-block-column-is-layout-flow\" style=\"flex-basis:50%\">\n<div class=\"wp-block-columns are-vertically-aligned-center has-custom-vert-transparent-background-color has-background is-content-justification-center is-nowrap is-layout-flex wp-container-core-columns-is-layout-19093fa5 wp-block-columns-is-layout-flex\" style=\"min-height:220px;padding-top:var(--wp--preset--spacing--10);padding-right:var(--wp--preset--spacing--10);padding-bottom:var(--wp--preset--spacing--10);padding-left:var(--wp--preset--spacing--10)\">\n<div class=\"wp-block-column is-vertically-aligned-center is-layout-flow wp-block-column-is-layout-flow\" style=\"flex-basis:15%\">\n<figure class=\"wp-block-image aligncenter size-full is-resized wp-duotone-unset-4\"><img decoding=\"async\" width=\"200\" height=\"179\" src=\"https:\/\/www.camping-biper-gorri.com\/wp-content\/uploads\/2025\/09\/icon-salon.svg\" alt=\"exposici&#xF3;n\" class=\"wp-image-75885\" style=\"width:70px\" \/><\/figure>\n<\/div>\n\n\n\n<div class=\"wp-block-column is-vertically-aligned-center is-layout-flow wp-block-column-is-layout-flow\" style=\"flex-basis:85%\">\n<ul class=\"wp-block-list\">\n<li>1 Habitaci\u00f3n principal con cocina totalmente equipada, fregadero, campana extractora, placa de gas de 4 fuegos, microondas, frigor\u00edfico\/congelador grande, cafetera<\/li>\n\n\n\n<li>mesa, 3 sillas<\/li>\n\n\n\n<li>un asiento corrido (convertible para la 7\u00aa persona) y un televisor<\/li>\n<\/ul>\n<\/div>\n<\/div>\n\n\n\n<div class=\"wp-block-columns are-vertically-aligned-center has-custom-vert-transparent-background-color has-background is-content-justification-center is-nowrap is-layout-flex wp-container-core-columns-is-layout-19093fa5 wp-block-columns-is-layout-flex\" style=\"min-height:220px;padding-top:var(--wp--preset--spacing--10);padding-right:var(--wp--preset--spacing--10);padding-bottom:var(--wp--preset--spacing--10);padding-left:var(--wp--preset--spacing--10)\">\n<div class=\"wp-block-column is-vertically-aligned-center is-layout-flow wp-block-column-is-layout-flow\" style=\"flex-basis:15%\">\n<figure class=\"wp-block-image aligncenter size-full is-resized wp-duotone-unset-5\"><img decoding=\"async\" width=\"200\" height=\"200\" src=\"https:\/\/www.camping-biper-gorri.com\/wp-content\/uploads\/2025\/09\/icon-table.svg\" alt=\"tabla\" class=\"wp-image-75890\" style=\"width:70px\" \/><\/figure>\n<\/div>\n\n\n\n<div class=\"wp-block-column is-vertically-aligned-center is-layout-flow wp-block-column-is-layout-flow\" style=\"flex-basis:85%\">\n<ul class=\"wp-block-list\">\n<li>Calefacci\u00f3n el\u00e9ctrica<\/li>\n\n\n\n<li>1 Terraza cubierta<\/li>\n\n\n\n<li>1 Conjunto de muebles de jard\u00edn<\/li>\n\n\n\n<li>1 Barbacoa de carb\u00f3n<\/li>\n\n\n\n<li>Se aceptan perros<\/li>\n<\/ul>\n<\/div>\n<\/div>\n<\/div>\n<\/div>\n<\/div>\n<\/div>\n<\/div>\n","protected":false},"featured_media":0,"template":"","meta":{"_acf_changed":false,"_seopress_robots_primary_cat":"","_seopress_titles_title":"","_seopress_titles_desc":"","_seopress_robots_index":"","inline_featured_image":false,"gt_fse_maillage_image":"","gt_fse_maillage_titre":"Mobil home de 3 dormitorios Eden Oph\u00e9a 935","gt_fse_maillage_alt":"Mobil home de 3 dormitorios Eden Oph\u00e9a 935","gt_fse_maillage_resume":"","gt_ws_thelis_idProduct":"20","gt_ws_thelis_idSite":"724","gt_ws_thelis_camping":"bipergorri","gt_ws_thelis_name":"Mobil-Home 3 chambres EVASION Oph\u00e9a 935","gt_ws_thelis_description":"Vous souhaitez partir nombreux au Pays Basque ? Cette location de mobil-home vous permettra d'accueillir tous vos proches gr\u00e2ce \u00e0 sa grande capacit\u00e9 d'acceuil pouvant aller jusqu'\u00e0 7 personnes. Cet h\u00e9bergement poss\u00e8de 3 chambres, une pi\u00e8ce de vie attenante \u00e0 la cuisine \u00e9quip\u00e9e, une salle de bain avec douche, des WC ind\u00e9pendants et une terrasse.\n\nCat\u00e9gorie: 10 ans\n\nCapacit\u00e9: 6 \u00e0 7 personnes (r\u00e9serv\u00e9 au groupe de + de 6 pers. en haute saison)\n\nSuperficie: 37 m\u00b2 hors terrasse\n\nEquipement\n\n2 chambres avec 2 lits 1 place (80x190)\n1 chambre 2 personnes (140 x 190)\nCouettes et Oreillers d'appoints\n1 Pi\u00e8ce principale avec cuisine \u00e9quip\u00e9e, \u00e9vier, hotte, plaque 4 feux gaz, micro-ondes, grand r\u00e9frig\u00e9rateur\/cong\u00e9lateur, cafeti\u00e8re, table, 3 chaises + 1 banquette (convertible pour la 7\u00e8me personne,id\u00e9al pour enfant) et une TV\n1 Salle de bain avec douche, 1 vasque, 1 miroir et un s\u00e8che-cheveux\nWC ind\u00e9pendants\nChauffage \u00e9lectrique\n1 Terrasse couverte\n1 Salon de jardin\n1 Barbecue \u00e0 charbon\nChiens acc\u00e9pt\u00e9s","gt_ws_thelis_camping_name":"Camping Biper Gorri","gt_ws_thelis_types":"[\"Mobil-Home\",\"location\"]","gt_ws_thelis_rooms":"3","gt_ws_thelis_bathrooms":"1","gt_ws_thelis_capacity":"7","gt_ws_thelis_surface":"37","gt_ws_thelis_criterions_array_fr":"[{\"idCriterion\":1,\"name\":\"Chauffage\",\"family\":\"Int\u00e9rieur\",\"rank\":10,\"showForm\":false},{\"idCriterion\":17,\"name\":\"Animaux autoris\u00e9s\",\"family\":\"Divers\",\"rank\":8,\"showForm\":false},{\"idCriterion\":5,\"name\":\"Micro-ondes\",\"family\":\"Int\u00e9rieur\",\"rank\":13,\"showForm\":false},{\"idCriterion\":6,\"name\":\"R\u00e9frig\u00e9rateur\",\"family\":\"Int\u00e9rieur\",\"rank\":14,\"showForm\":false},{\"idCriterion\":7,\"name\":\"Cong\u00e9lateur\",\"family\":\"Int\u00e9rieur\",\"rank\":15,\"showForm\":false},{\"idCriterion\":8,\"name\":\"T\u00e9l\u00e9vision\",\"family\":\"Int\u00e9rieur\",\"rank\":16,\"showForm\":false},{\"idCriterion\":11,\"name\":\"Terrasse\",\"family\":\"Ext\u00e9rieur\",\"rank\":2,\"showForm\":false},{\"idCriterion\":12,\"name\":\"Barbecue\",\"family\":\"Ext\u00e9rieur\",\"rank\":3,\"showForm\":false},{\"idCriterion\":13,\"name\":\"Parking 1 place\",\"family\":\"Ext\u00e9rieur\",\"rank\":4,\"showForm\":false},{\"idCriterion\":45,\"name\":\"\u00c9lectricit\u00e9\",\"family\":\"Ext\u00e9rieur\",\"rank\":6,\"showForm\":false},{\"idCriterion\":16,\"name\":\"Wi-Fi\",\"family\":\"Divers\",\"rank\":7,\"showForm\":false}]","gt_ws_thelis_pictures":"[\"https:\/\/www.camping-biper-gorri.com\/wp-content\/uploads\/gt-ws-thelis\/site-1\/images\/724\/pict_20_5.jpg\",\"https:\/\/www.camping-biper-gorri.com\/wp-content\/uploads\/gt-ws-thelis\/site-1\/images\/724\/pict_20_6.jpg\",\"https:\/\/www.camping-biper-gorri.com\/wp-content\/uploads\/gt-ws-thelis\/site-1\/images\/724\/pict_20_2.jpg\",\"https:\/\/www.camping-biper-gorri.com\/wp-content\/uploads\/gt-ws-thelis\/site-1\/images\/724\/pict_20_3.jpg\",\"https:\/\/www.camping-biper-gorri.com\/wp-content\/uploads\/gt-ws-thelis\/site-1\/images\/724\/pict_20_4.jpg\",\"https:\/\/www.camping-biper-gorri.com\/wp-content\/uploads\/gt-ws-thelis\/site-1\/images\/724\/pict_20_1.jpg\"]","footnotes":""},"categories":[],"tags":[],"gamme":[108],"class_list":["post-12063","hebergement","type-hebergement","status-publish","hentry","gamme-evasion"],"acf":[],"_links":{"self":[{"href":"https:\/\/www.camping-biper-gorri.com\/es\/wp-json\/wp\/v2\/hebergement\/12063","targetHints":{"allow":["GET"]}}],"collection":[{"href":"https:\/\/www.camping-biper-gorri.com\/es\/wp-json\/wp\/v2\/hebergement"}],"about":[{"href":"https:\/\/www.camping-biper-gorri.com\/es\/wp-json\/wp\/v2\/types\/hebergement"}],"version-history":[{"count":79,"href":"https:\/\/www.camping-biper-gorri.com\/es\/wp-json\/wp\/v2\/hebergement\/12063\/revisions"}],"predecessor-version":[{"id":92282,"href":"https:\/\/www.camping-biper-gorri.com\/es\/wp-json\/wp\/v2\/hebergement\/12063\/revisions\/92282"}],"wp:attachment":[{"href":"https:\/\/www.camping-biper-gorri.com\/es\/wp-json\/wp\/v2\/media?parent=12063"}],"wp:term":[{"taxonomy":"category","embeddable":true,"href":"https:\/\/www.camping-biper-gorri.com\/es\/wp-json\/wp\/v2\/categories?post=12063"},{"taxonomy":"post_tag","embeddable":true,"href":"https:\/\/www.camping-biper-gorri.com\/es\/wp-json\/wp\/v2\/tags?post=12063"},{"taxonomy":"gamme","embeddable":true,"href":"https:\/\/www.camping-biper-gorri.com\/es\/wp-json\/wp\/v2\/gamme?post=12063"}],"curies":[{"name":"wp","href":"https:\/\/api.w.org\/{rel}","templated":true}]}}

Mobil-Home 3 habitaciones EVASION Ophéa 935

<div class="wp-block-group intro is-layout-flow wp-block-group-is-layout-flow">
<div class="wp-block-group description-wrapper is-layout-flow wp-block-group-is-layout-flow">
<div class="wp-block-group intro is-layout-flow wp-block-group-is-layout-flow">
<p>¿Quieres traer a mucha gente al <strong>País Vasco</strong>? Este alquiler de Mobil home puede alojar hasta 7 personas. Este <strong>alojamiento</strong> dispone de 3 habitaciones, un salón contiguo a la cocina totalmente equipada, un cuarto de baño con ducha, WC separado y una terraza.  </p>



<div class="wp-block-buttons is-content-justification-center is-layout-flex wp-container-core-buttons-is-layout-a89b3969 wp-block-buttons-is-layout-flex">
<div class="wp-block-button is-style-outline is-style-outline--1"><a class="wp-block-button__link has-custom-vert-fonce-color has-text-color has-link-color has-olive-citrus-font-family has-large-font-size has-custom-font-size wp-element-button" href="https://www.camping-biper-gorri.com/wp-content/uploads/2025/10/ophea-935t.pdf" style="border-style:none;border-width:0px;border-radius:0px;font-style:normal;font-weight:700" target="_blank" rel="noreferrer noopener nofollow">Descripción + inventario  <img decoding="async" width="50" height="26" class="wp-image-129" style="width: 50px" src="https://www.camping-biper-gorri.com/wp-content/uploads/2025/08/fleche-01.svg" alt="flecha 01" /></a></div>
</div>



<p class="has-custom-vert-fonce-color has-text-color has-link-color has-large-font-size wp-elements-a733a51338c5c867cff35760bf6fb8dd"><strong>Descripción</strong></p>
</div>



<div class="wp-block-group intro is-layout-flow wp-block-group-is-layout-flow">
<div class="wp-block-columns is-layout-flex wp-container-core-columns-is-layout-28f84493 wp-block-columns-is-layout-flex">
<div class="wp-block-column is-layout-flow wp-block-column-is-layout-flow" style="flex-basis:50%">
<div class="wp-block-columns are-vertically-aligned-center has-custom-vert-transparent-background-color has-background is-content-justification-center is-nowrap is-layout-flex wp-container-core-columns-is-layout-19093fa5 wp-block-columns-is-layout-flex" style="min-height:220px;padding-top:var(--wp--preset--spacing--10);padding-right:var(--wp--preset--spacing--10);padding-bottom:var(--wp--preset--spacing--10);padding-left:var(--wp--preset--spacing--10)">
<div class="wp-block-column is-vertically-aligned-center is-layout-flow wp-block-column-is-layout-flow" style="flex-basis:15%">
<figure class="wp-block-image aligncenter size-full is-resized wp-duotone-unset-2"><img decoding="async" width="200" height="146" src="https://www.camping-biper-gorri.com/wp-content/uploads/2025/09/icon-lit.svg" alt="cama" class="wp-image-75871" style="width:70px" /></figure>
</div>



<div class="wp-block-column is-vertically-aligned-center is-layout-flow wp-block-column-is-layout-flow" style="flex-basis:85%">
<ul class="wp-block-list">
<li>2 habitaciones con 2 camas individuales (80×190)</li>



<li>1 habitación doble (140 x 190)</li>



<li>Edredones y almohadas</li>
</ul>
</div>
</div>



<div class="wp-block-columns are-vertically-aligned-center has-custom-vert-transparent-background-color has-background is-content-justification-center is-nowrap is-layout-flex wp-container-core-columns-is-layout-19093fa5 wp-block-columns-is-layout-flex" style="min-height:220px;padding-top:var(--wp--preset--spacing--10);padding-right:var(--wp--preset--spacing--10);padding-bottom:var(--wp--preset--spacing--10);padding-left:var(--wp--preset--spacing--10)">
<div class="wp-block-column is-vertically-aligned-center is-layout-flow wp-block-column-is-layout-flow" style="flex-basis:15%">
<figure class="wp-block-image aligncenter size-full is-resized wp-duotone-unset-3"><img decoding="async" width="200" height="200" src="https://www.camping-biper-gorri.com/wp-content/uploads/2025/09/icon-douche.svg" alt="ducha" class="wp-image-75880" style="width:70px" /></figure>
</div>



<div class="wp-block-column is-vertically-aligned-center is-layout-flow wp-block-column-is-layout-flow" style="flex-basis:85%">
<ul class="wp-block-list">
<li>1 Cuarto de baño con ducha, 1 lavabo, 1 espejo y secador de pelo</li>



<li>WC separado</li>
</ul>
</div>
</div>
</div>



<div class="wp-block-column is-layout-flow wp-block-column-is-layout-flow" style="flex-basis:50%">
<div class="wp-block-columns are-vertically-aligned-center has-custom-vert-transparent-background-color has-background is-content-justification-center is-nowrap is-layout-flex wp-container-core-columns-is-layout-19093fa5 wp-block-columns-is-layout-flex" style="min-height:220px;padding-top:var(--wp--preset--spacing--10);padding-right:var(--wp--preset--spacing--10);padding-bottom:var(--wp--preset--spacing--10);padding-left:var(--wp--preset--spacing--10)">
<div class="wp-block-column is-vertically-aligned-center is-layout-flow wp-block-column-is-layout-flow" style="flex-basis:15%">
<figure class="wp-block-image aligncenter size-full is-resized wp-duotone-unset-4"><img decoding="async" width="200" height="179" src="https://www.camping-biper-gorri.com/wp-content/uploads/2025/09/icon-salon.svg" alt="exposici&#xF3;n" class="wp-image-75885" style="width:70px" /></figure>
</div>



<div class="wp-block-column is-vertically-aligned-center is-layout-flow wp-block-column-is-layout-flow" style="flex-basis:85%">
<ul class="wp-block-list">
<li>1 Habitación principal con cocina totalmente equipada, fregadero, campana extractora, placa de gas de 4 fuegos, microondas, frigorífico/congelador grande, cafetera</li>



<li>mesa, 3 sillas</li>



<li>un asiento corrido (convertible para la 7ª persona) y un televisor</li>
</ul>
</div>
</div>



<div class="wp-block-columns are-vertically-aligned-center has-custom-vert-transparent-background-color has-background is-content-justification-center is-nowrap is-layout-flex wp-container-core-columns-is-layout-19093fa5 wp-block-columns-is-layout-flex" style="min-height:220px;padding-top:var(--wp--preset--spacing--10);padding-right:var(--wp--preset--spacing--10);padding-bottom:var(--wp--preset--spacing--10);padding-left:var(--wp--preset--spacing--10)">
<div class="wp-block-column is-vertically-aligned-center is-layout-flow wp-block-column-is-layout-flow" style="flex-basis:15%">
<figure class="wp-block-image aligncenter size-full is-resized wp-duotone-unset-5"><img decoding="async" width="200" height="200" src="https://www.camping-biper-gorri.com/wp-content/uploads/2025/09/icon-table.svg" alt="tabla" class="wp-image-75890" style="width:70px" /></figure>
</div>



<div class="wp-block-column is-vertically-aligned-center is-layout-flow wp-block-column-is-layout-flow" style="flex-basis:85%">
<ul class="wp-block-list">
<li>Calefacción eléctrica</li>



<li>1 Terraza cubierta</li>



<li>1 Conjunto de muebles de jardín</li>



<li>1 Barbacoa de carbón</li>



<li>Se aceptan perros</li>
</ul>
</div>
</div>
</div>
</div>
</div>
</div>
</div>

Mobil home de 3 dormitorios Eden Ophéa 935

Mobil-Home 3 chambres EVASION Ophéa 935

Vous souhaitez partir nombreux au Pays Basque ? Cette location de mobil-home vous permettra d'accueillir tous vos proches grâce à sa grande capacité d'acceuil pouvant aller jusqu'à 7 personnes. Cet hébergement possède 3 chambres, une pièce de vie attenante à la cuisine équipée, une salle de bain avec douche, des WC indépendants et une terrasse.

Catégorie: 10 ans

Capacité: 6 à 7 personnes (réservé au groupe de + de 6 pers. en haute saison)

Superficie: 37 m² hors terrasse

Equipement

2 chambres avec 2 lits 1 place (80x190)
1 chambre 2 personnes (140 x 190)
Couettes et Oreillers d'appoints
1 Pièce principale avec cuisine équipée, évier, hotte, plaque 4 feux gaz, micro-ondes, grand réfrigérateur/congélateur, cafetière, table, 3 chaises + 1 banquette (convertible pour la 7ème personne,idéal pour enfant) et une TV
1 Salle de bain avec douche, 1 vasque, 1 miroir et un sèche-cheveux
WC indépendants
Chauffage électrique
1 Terrasse couverte
1 Salon de jardin
1 Barbecue à charbon
Chiens accéptés

[{"idCriterion":1,"name":"Chauffage","family":"Intérieur","rank":10,"showForm":false},{"idCriterion":17,"name":"Animaux autorisés","family":"Divers","rank":8,"showForm":false},{"idCriterion":5,"name":"Micro-ondes","family":"Intérieur","rank":13,"showForm":false},{"idCriterion":6,"name":"Réfrigérateur","family":"Intérieur","rank":14,"showForm":false},{"idCriterion":7,"name":"Congélateur","family":"Intérieur","rank":15,"showForm":false},{"idCriterion":8,"name":"Télévision","family":"Intérieur","rank":16,"showForm":false},{"idCriterion":11,"name":"Terrasse","family":"Extérieur","rank":2,"showForm":false},{"idCriterion":12,"name":"Barbecue","family":"Extérieur","rank":3,"showForm":false},{"idCriterion":13,"name":"Parking 1 place","family":"Extérieur","rank":4,"showForm":false},{"idCriterion":45,"name":"Électricité","family":"Extérieur","rank":6,"showForm":false},{"idCriterion":16,"name":"Wi-Fi","family":"Divers","rank":7,"showForm":false}]
